14*d - 130. Calculate the remainder when d is divided by 34.
31
Let z(h) = h**2 + h - 17. What is the remainder when 3 is divided by z(4)?
0
Let l(a) = a + 59. Let g be l(0). Let h = 105 - g. What is the remainder when h is divided by 12?
10
Suppose -5*a - 12 = -447. What is the remainder when a is divided by 11?
10
Let g = 0 - -1. Suppose -5*t = 4*r - 10, -6*r = -2*r - 3*t - 26. Calculate the remainder when r is divided by (1/(-3))/(g/(-6)).
1
Calculate the remainder when 68 is divided by (12/(-8))/((-15)/230).
22
Suppose y - 18 = 3*t, 6*y + t - 10 = y. Let m be (-12)/(((-3)/8)/y). Suppose 3*a + 2*i = m, 4*i + 12 = -0*i. What is the remainder when a is divided by 18?
16
Suppose 0 = a - 3*a + 4. Suppose -a*d = d - 36. Calculate the remainder when (-8)/(-6)*459/18 is divided by d.
10
Suppose -6*t = -t + g - 118, -3*t + 3*g + 78 = 0. What is the remainder when (0 - 3/(-2))*t is divided by (-4)/(-6)*(-57)/(-2)?
17
Suppose 7*f - 22 = 55. What is the remainder when 43 is divided by f?
10
Let x(u) = 1 - 22*u**2 - 2 + 18*u**2 + u - 2*u**3. Suppose -16 = -5*j + 3*j. Calculate the remainder when x(-3) is divided by j.
6
Calculate the remainder when (-3)/((-45)/535) + (-4)/6 is divided by 13.
9
Let t(h) = h**3 + 5*h**2 - 3*h + 6. What is the remainder when t(-5) is divided by 6?
3
Let p(o) = -o**3 + 5*o**2 - 7. Let q be p(5). Let y(v) = -3*v - 4. Calculate the remainder when 66 is divided by y(q).
15
Let r = -5 + 10. Suppose -65 = r*o - 170. Calculate the remainder when 41 is divided by o.
20
Suppose -w - 3*t = -3, -t = -5*w + 3*t + 34. Let s = 4 - 1. Suppose -2*y + 2*p - 26 = -6*y, -4*p = s*y - 7. What is the remainder when y is divided by w?
3
Let f(q) = 8*q - 53. Calculate the remainder when 10 is divided by f(7).
1
Suppose -t + 4 - 1 = 0. Suppose 0 = -q + t*q - 104. Calculate the remainder when q is divided by 18.
16
Suppose -2*r - 41 = -3*a + 10, -r - 54 = -3*a. Let k = a + -13. Suppose -2*c - 44 = -5*g + 2, -5*g + 54 = 2*c. What is the remainder when g is divided by k?
4
Let d(l) = 2*l**2 - 6*l. What is the remainder when (-21)/2*4/(-3) is divided by d(4)?
6
Let b be 24/14*21/6. Let a = b - 1. What is the remainder when a is divided by 2?
1
Let v be (-14)/(-6) + (-2)/6. What is the remainder when ((1 - 1) + v)*8 is divided by -9*(-4)/12*2?
4
Suppose 4 = -4*t, -2*t = -5*r - 3*t + 34. Suppose 5*n + 2*s - 133 = 0, -3*n + n - 2*s = -52. Calculate the remainder when n is divided by r.
6
Let x be (-1)/(-1) - (1 + -2). Suppose 4 = x*t, -4*t + 7 = 3*w - 19. Suppose z - w = -z. What is the remainder when 8 is divided by z?
2
Let u(w) be the third derivative of w**5/60 + w**4/12 - 2*w**3/3 + w**2. What is the remainder when 14 is divided by u(-4)?
2
Let b = 2 + 87. Suppose 70 = 5*a - 5*n, -4*a + b - 21 = 2*n. What is the remainder when 0 - (-3 + (-28 - 0)) is divided by a?
15
Let s(u) = u**2 - 16*u + 15. What is the remainder when s(17) is divided by 18?
14
Suppose p - 2 = -4*t + 5, t = 0. Let o(a) = -a**3 + 7*a**2 + 4*a + 9. Calculate the remainder when o(p) is divided by 13.
11
Suppose 3*f = 4*j - 3*j - 3, -j = f - 11. Let d(s) = 25*s**3 - s**2 + s. What is the remainder when d(1) is divided by j?
7
Let i = 9 - 13. Let j be ((-6)/i)/(9/30). Let y = j - -4. What is the remainder when 25 is divided by y?
7
Suppose -h - 4 = -3*h, 2*h + 128 = 3*a. Let w = 63 - a. Suppose 7 = 5*x - 28. Calculate the remainder when w is divided by x.
5
Suppose -20 = -5*w, 12 = -5*h - w + 4*w. Suppose -v + 2*p = 2*v - 25, -v - 3*p + 1 = h. Suppose 2 = 3*f - v. Calculate the remainder when f is divided by 3.
0
Let r(u) = u**2 + 3*u - 3. Calculate the remainder when r(-8) is divided by 19.
18
Let l(v) = -v + 9. Suppose -4*t + 5*t = 0. Let j be (t + 1)*(6 + -6). Calculate the remainder when 15 is divided by l(j).
6
Suppose t = -2*t + 2*s + 181, -2*t = 4*s - 110. Calculate the remainder when t is divided by 10.
9
Suppose -2*s = -p + 17, 8 = 2*s - p + 5*p. Calculate the remainder when (s - -38) + 0/1 is divided by 12.
8
Suppose 3*j + j = 12, 2*a - j - 59 = 0. Calculate the remainder when 99 is divided by a.
6
Let m(x) = 21*x - 1. Let u = 12 - 13. Let a = u - -12. Calculate the remainder when m(1) is divided by a.
9
What is the remainder when (-80)/60*((-18)/4 + 0) is divided by 2?
0
Suppose 2*s - 85 + 15 = -3*h, 5*h + 3*s = 118. Suppose z - 18 = -k, 5*k = -4*z + 12 + 74. Calculate the remainder when h is divided by k.
12
What is the remainder when 25 is divided by (-10)/60 + 158/12?
12
Suppose -825 = -35*a + 30*a. Calculate the remainder when a is divided by 42.
39
Suppose -35*x + 34*x + 31 = 0. What is the remainder when 60 is divided by x?
29
Suppose 2*m + 18 = 58. Let b be ((-4)/6)/(4/(-30)). Let l(d) = 2*d - 3. What is the remainder when m is divided by l(b)?
6
Let r(q) = q**3 - 4*q**2 - 2*q + 5. Let v be r(4). What is the remainder when (v/2)/(2/(-28)) is divided by 12?
9
Suppose 0 = 5*y - 3*k - 123, k - 4*k + 93 = 4*y. Suppose -4*g = -0*g - 5*v - 194, -5*g - 5*v = -220. Calculate the remainder when g is divided by y.
22
Suppose 14*h + 0*h - 406 = 0. Suppose -4 - 56 = -4*x. Calculate the remainder when h is divided by x.
14
Let v(u) = -6*u. Let j be 5/((-10)/4) + 2. Suppose 2*t - 2*p + 1 + 11 = j, 2*p = -2*t + 8. What is the remainder when 16 is divided by v(t)?
4
Let u be -1 - -2 - 3/3. Let r(h) = -3 + u*h + 3 - 2*h - 2. Calculate the remainder when r(-5) is divided by 5.
3
Let o(n) = -3*n - 3. Let a be o(-2). Suppose 0 = 5*z - 4*z - a*f + 5, -z = 2*f - 15. What is the remainder when 17 is divided by z?
3
Suppose -3 + 13 = -2*v. Let w = 7 + v. Calculate the remainder when 2 is divided by w.
0
Let l(v) = 2*v. Let a be l(2). Let w(x) = -x**2 + 6*x + 2. Calculate the remainder when 29 is divided by w(a).
9
Suppose 9 = -0*h + 3*h. Let r(f) = 2*f**2 - 4*f + 4. Calculate the remainder when 18 is divided by r(h).
8
Let b(q) = -q**3 + 8*q**2 + 2*q - 6. Let d = -15 + 44. What is the remainder when d is divided by b(8)?
9
Suppose -2 = -i, 0 = -3*h - 5*i - 1 - 1. Let a = -4 - h. Calculate the remainder when 41 is divided by a - (1/1 + -22).
20
What is the remainder when -2 - (125/(-3) + (-2)/(-3)) is divided by 8?
7
What is the remainder when 62 is divided by 76/6 + (-5)/(-15)?
10
Let b(l) = l**2 + 1. Let g be b(0). Let r be 36/g + -1 + -1. What is the remainder when (1 - 2)*-1 + r is divided by 18?
17
Let m = -11 + 1. Let i = 6 - m. Calculate the remainder when 30 is divided by i.
14
Let r = 13 + -38. Let z = -4 - r. Suppose k + 2*b = -0*k + 11, 2*k + 2*b - 22 = 0. What is the remainder when z is divided by k?
10
Suppose 0 = 2*h + 6, 54 = -4*m + 3*h + 15. Let f = -9 - m. Calculate the remainder when 6 is divided by f.
0
Calculate the remainder when 35 is divided by ((-3)/2 - (-21)/2) + 3.
11
Let g = -14 - -12. Calculate the remainder when (g/2)/(2/(-142)) is divided by 18.
17
Suppose -18*m = -21*m + 75. What is the remainder when 74 is divided by m?
24
Let u = -17 + 28. Suppose -12 - 4 = -4*k, j + 2*k = u. What is the remainder when j is divided by 2?
1
Suppose -4*x = -4*z - 20, -5*x = -3*z + 4*z - 43. What is the remainder when 30 is divided by x?
6
Let g(d) = 6*d**2 + 3*d - 3. What is the remainder when g(-4) is divided by 21?
18
Suppose 15 + 5 = 4*p. What is the remainder when p is divided by 2?
1
Calculate the remainder when (-28)/2*(-27)/6 + -3 is divided by 21.
18
Let m(h) = -h**3 - 3*h**2 - 5*h - 3. Let r be m(-3). Let v = r - -26. Let g(a) = -4*a + 4. What is the remainder when v is divided by g(-4)?
18
Suppose -2*s + 7*s = 2*k + 99, 2*k = 3*s - 57. Let r(c) = -c**2 - 2*c. Let a be r(-4). Let q(t) = -2*t - 5. What is the remainder when s is divided by q(a)?
10
Suppose 14 = -9*c + 149. Calculate the remainder when c is divided by 8.
7
Let g(x) = -x**2 - 6*x + 2. Let t(j) = j**3 - j**2 + 5*j - 4. What is the remainder when t(3) is divided by g(-4)?
9
Let n(z) = 3*z**3 - 3*z**2 - 4*z + 2. Let v be n(3). Suppose -5*c + 5 = -f, 19 = -f - c + v. What is the remainder when 37 is divided by f?
17
Suppose -6*m - 45 = -m. Let v = 10 + m. Let q = -2 + 3. Calculate the remainder when v is divided by q.
0
Let s(z) = z**3 + 11*z**2 - 2*z - 7. Calculate the remainder when 29 is divided by s(-11).
14
Suppose 0 = 14*h - 10*h - 64. Suppose 10 = w - h. What is the remainder when 51 is divided 